*u - 3*s - 4651. Suppose 930*i = u*i + 15. Calculate the greatest common divisor of 105 and i.
15
Suppose -3*h = 3*k - 9, -5*k - h = -4*h + 9. Suppose -2*v = -3*g + 9, k = -18*v + 17*v. Calculate the highest common factor of g and 9.
3
Suppose -15 = 5*z, 0 = 3*o + z - 199 + 4. Suppose 5412 = 57*d - 33*d + 99*d. Calculate the highest common divisor of o and d.
22
Suppose 2*s = -b + 41, 2*b + 38 + 18 = 2*s. Let d = 48 - s. Suppose 9*c - 66 = -21. What is the greatest common divisor of c and d?
5
Let c be (-7)/((-28)/69) - (-2)/(-8). Suppose 15*j = c*j. Let p be j/(-32) + (-12)/(-2). What is the highest common divisor of 114 and p?
6
Let v be -3*10/15 + 7. Suppose -25 + 77 = 4*s + 5*b, -5*b = -v*s + 65. What is the greatest common divisor of 13 and s?
13
Suppose -s + 1916 = 3*t, 57*s = 56*s - 2*t + 1924. What is the greatest common divisor of 360 and s?
20
Let j be (-12)/(20/(25/(-5))). Let k = 95 - 40. Suppose 2*o + p - k = 0, 94 = 4*o - 5*p - 9. What is the greatest common factor of j and o?
3
Let v(p) = 3*p**2 - p. Let j be v(-1). Suppose -3*w + 42 + 2 = -j*d, 2*d + 10 = 0. Suppose -3*c - 645 = -657. Calculate the highest common divisor of c and w.
4
Suppose -4*p = 2*c - 166 + 58, 18 = 3*p. What is the highest common divisor of c and 329?
7
Let y(f) = 14*f**2 - 17*f - 132. Let b(w) = 42*w**2 - 51*w - 395. Let m(d) = 3*b(d) - 8*y(d). Let a be m(-6). Calculate the greatest common factor of a and 53.
53
Let x = 23444 + -1970. What is the highest common divisor of 18 and x?
18
Suppose 3*r + 2*h - 116 = 0, 2*h - 188 = -86*r + 81*r. What is the greatest common divisor of 5388 and r?
12
Let s = 166 + -155. Suppose n + s = 13. What is the greatest common divisor of 4 and n?
2
Let h(u) = -4*u**2 + u + 171. Let j be h(0). What is the highest common divisor of j and 12882?
57
Let o(y) = 10*y - 2*y**2 - 6 - 4*y + 8*y + 0*y**2. Let n be o(6). Let b be (15/(-6))/(n/(-216)). What is the greatest common divisor of 18 and b?
18
Let u(r) = 2*r**3 + 4*r**2 + 2*r + 6. Let k be u(-2). Suppose 2*t = j - 17, -2*t - 13 = j + k*t. Calculate the highest common divisor of 7 and j.
7
Let z = 11058 + -10803. Let m be (-1)/3 + (-104)/(-6). What is the greatest common divisor of z and m?
17
Let m be ((-90)/4*7/1)/((-61)/122). What is the greatest common factor of 574 and m?
7
Suppose 0 = -3*y + y + 256. Suppose -13*w = -5*w - y. Suppose 6*c = -4*c + 1760. What is the highest common factor of c and w?
16
Let r = -2268 + 2504. What is the highest common factor of r and 1298?
118
Let a be 6/(((-15)/2)/(-5)). Suppose -5*h = a - 14. Let w(j) = 24*j + 694. Let f be w(-28). Calculate the greatest common factor of h and f.
2
Let t = 88 - 86. Let v(a) = 0 - 7*a**2 + t - 11*a + 5*a**2 - 11*a. Let j be v(-11). Calculate the highest common divisor of j and 16.
2
Suppose -p - 5*f = -23, -3*f + 24 = -p + 5*p. Suppose -2*a + p*d + 22 + 1 = 0, 5*d + 25 = 0. Let i = 1 + 7. Calculate the highest common divisor of a and i.
4
Suppose 2*y - f - 3 = 0, -4*f = -5*y + 1068 - 1074. Suppose -i + 43 = -5. What is the greatest common divisor of i and y?
6
Let y(v) = 46*v - 66. Let h be y(11). What is the highest common factor of h and 120?
40
Let r(c) = c**2 - 12*c - 268. Let y(s) = -s**3 - 3*s**2 + 26. Let h be y(0). Let g be r(h). What is the highest common divisor of g and 18?
6
Let y be (5 - -13)/(-6) + 16 + -2. Calculate the highest common divisor of 1067 and y.
11
Suppose 7*y + 107 = 5*i + 6*y, -4*y + 13 = i. Suppose 5*p - 7 = -4*m + 77, i = m - 2*p. What is the highest common divisor of 399 and m?
21
Let s = -700 + 705. Suppose s*y + 440 = 25*y. Suppose 2*j = -2*f + 12, -13 - 41 = -4*f + 2*j. Calculate the highest common factor of y and f.
11
Suppose -4*o + 32 = -20. Let t = -270 + 296. What is the highest common factor of t and o?
13
Let f be 35/(-420)*-42*(2 + -500)/(-3). Calculate the highest common factor of 35 and f.
7
Suppose 26*x - 125 = -21. Let t(v) = v**3 - 2*v**2 - 10*v + 17. Let w be t(x). Calculate the highest common factor of w and 72.
9
Suppose 96*k - 434*k + 58460 - 662 = 0. What is the highest common divisor of k and 2071?
19
Suppose -14952 = -196*y + 2427 - 4247. Calculate the greatest common factor of y and 9179.
67
Let w be -4*-5*((-1662)/(-120) + -2). Calculate the highest common factor of 1738 and w.
79
Suppose 5*v = -4*q - 5, v + 4*q + q + 22 = 0. Let d be 126/4*22/v. Let h = -30764 + 30797. What is the greatest common factor of h and d?
33
Let w(o) = -17*o + 1. Let v = 28 - 35. Let l be w(v). Let u be (0 - -3)*l/18. Calculate the highest common factor of 8 and u.
4
Let o = -134 + 138. Suppose -o*p = -9*p + 80. What is the greatest common divisor of 12 and p?
4
Let x be (-306)/(-4) + (-1)/(-2). Suppose -x*p + 91*p = 812. What is the greatest common factor of p and 174?
58
Let j = 13594 + -7938. Calculate the greatest common divisor of 606 and j.
202
Let h = 12816 + -12756. Let r(b) = 3*b**2 - 3. Let a be r(-9). What is the highest common divisor of h and a?
60
Let d = -29798 - -33367. What is the highest common factor of 581 and d?
83
Suppose 22*p - 224 = -34*p. Suppose -y - 18 = -4*y. Suppose -42 = -4*k + 2*i, -y*i = 3*k - i - 51. Calculate the greatest common factor of p and k.
4
Suppose 2*t + 402 = -4*t. Let j = t + 112. Suppose 105 = 5*a - j. What is the highest common factor of 10 and a?
10
Suppose 3*g + 3*c = 60, -2*g - 2*c + 36 = c. Suppose 0*k = -3*k + 12. Let r(i) = -i**2 + 6*i - 2. Let s be r(k). What is the greatest common factor of g and s?
6
Let b be ((-30)/(-4))/((-8)/(-48)). Suppose b - 47 = -w. Let g be (-16)/2*(-16 + w). Calculate the highest common factor of 28 and g.
28
Let o(b) = -b**3 + 2*b**2 + 65*b + 74. Let c be o(-8). What is the greatest common factor of 194 and c?
194
Let f = -41 - -93. Let u = 43 - f. Let r(l) = l**2 + 3*l - 27. Let p be r(u). Calculate the highest common divisor of 189 and p.
27
Let r = 102 - 114. Let h be (16/r)/((-2)/12). Calculate the highest common divisor of 84 and h.
4
Let d(r) = -r + 1. Let z(i) = -3*i + 15. Let n(j) = -4*d(j) + z(j). Suppose 0 = -2*g - 5 - 5. Let x be n(g). Calculate the greatest common factor of x and 2.
2
Suppose 241 - 25 = 8*m. Let f be 6/m - 710/(-45). Let g(k) = 3*k**3 + 4*k**2 - 3*k + 4. Let t be g(3). What is the greatest common divisor of t and f?
16
Suppose -z - 10 + 90 = 3*k, -4*k + 128 = -4*z. Suppose -112 = -3*b + b. Calculate the highest common factor of b and k.
28
Let v = 261 - 259. Suppose 3*p - p + 90 = v*f, 0 = 4*p + 20. What is the greatest common factor of f and 140?
20
Let n(v) = v**2 + 7*v - 6. Let l be n(-8). Suppose 0 = l*b - 4*u - 1350, 18*b - 23*b = -5*u - 3355. Calculate the highest common divisor of b and 29.
29
Let k be 3/18*90*5. What is the highest common factor of 1890 and k?
15
Suppose -16097 - 20758 = -135*y. What is the greatest common factor of 221 and y?
13
Suppose 6*z = 65 + 25. Suppose -8*t + 9 = -15. Let j be (44 - -1)*5/z*t. Calculate the highest common divisor of 90 and j.
45
Suppose -3*x = -6*x + 48. Let b be 496 - 0/(1 + -3 - 0). Let w = -464 + b. Calculate the greatest common divisor of w and x.
16
Let j = 529 + -523. Suppose j*p - 277 - 131 = 0. Calculate the greatest common factor of 51 and p.
17
Let j(h) = -354*h - 1052. Let m be j(-3). Calculate the greatest common factor of m and 338.
2
Suppose 4*t + 7*t = 11783 + 10580. Calculate the highest common divisor of t and 133.
19
Let x(b) = -11*b + 9. Let n be x(-3). Let z be (7/(84/(-64)))/((-4)/n). Calculate the highest common divisor of 70 and z.
14
Suppose -72 = 5*x - 9*x. Suppose y - 4*p + 6 - 32 = 0, 3*y + 2*p = 50. Calculate the greatest common factor of x and y.
18
Let i = 1052 + -892. Let j = 34 - 30. Calculate the greatest common divisor of i and j.
4
Suppose -5*w + 6210 = d - 3936, -4*w - 40656 = -4*d. What is the greatest common factor of 9 and d?
9
Let o(d) = 762*d**2 - 42*d + 39. Let x be o(1). What is the highest common factor of 69 and x?
69
Let i = -36332 - -36368. Calculate the highest common factor of i and 9711.
9
Suppose 21*g - 2458491 - 2022489 = -49*g. Calculate the greatest common factor of 47 and g.
47
Let s = -1784 + 2943. Calculate the greatest common factor of s and 61.
61
Suppose 0*t = 4*t - 96. Let p = t + -12. Let o(d) = 11*d - 10. Let z be o(2). Calculate the greatest comm